In base 13, what is 190 + 7c?
23c
In base 16, what is 3fa06 + -2?
3fa04
In base 2, what is 100 - -101001110001110110100?
101001110001110111000
In base 11, what is 83 + 86?
159
In base 12, what is -6 + -22a19?
-22a23
In base 15, what is 1 + -5a0e?
-5a0d
In base 3, what is 20200 + -1010121?
-212221
In base 4, what is 10303 + 11?
10320
In base 13, what is 1a + 40?
5a
In base 4, what is 12 + -13211300?
-13211222
In base 2, what is 1000101000 - 110001?
111110111
In base 10, what is -36720 - 1?
-36721
In base 11, what is -3315a6 + 2?
-3315a4
In base 15, what is 6 - 155?
-14e
In base 16, what is -1154 + -f?
-1163
In base 4, what is 3 + -310120?
-310111
In base 2, what is -10100000010011101 - 1?
-10100000010011110
In base 14, what is b0 - -1c5d?
1d2d
In base 14, what is b2c28 - -2?
b2c2a
In base 3, what is -102001120 + 1000?
-102000120
In base 7, what is 1 + -4403161?
-4403160
In base 8, what is 2 + 14416?
14420
In base 2, what is 0 - -10010110011101?
10010110011101
In base 4, what is 0 + 1111212?
1111212
In base 13, what is 6 + -2ca0?
-2c97
In base 14, what is -34 + -23625?
-23659
In base 15, what is -161070 - 1?
-161071
In base 16, what is da + -2db?
-201
In base 6, what is -20101 + -202?
-20303
In base 4, what is -1 + 12023001?
12023000
In base 11, what is -279 - 380?
-649
In base 8, what is -1142 + -362?
-1524
In base 10, what is -72983 + 35?
-72948
In base 13, what is -a7 + 21b5?
210b
In base 7, what is 5 + -1063066?
-1063061
In base 5, what is -14 - 23332203?
-23332222
In base 2, what is 11 + -1001000110000?
-1001000101101
In base 5, what is 202 - 1334003?
-1333301
In base 9, what is 15 + -270531?
-270515
In base 9, what is -1 + 16064?
16063
In base 8, what is -574210 + -2?
-574212
In base 5, what is -2 - -3213024?
3213022
In base 10, what is -120 - -117?
-3
In base 10, what is -4 - 420528?
-420532
In base 6, what is -103222031 + -3?
-103222034
In base 7, what is 415651 + 5?
415656
In base 16, what is -22335 - -21?
-22314
In base 16, what is 43ae + c7?
4475
In base 16, what is -c331a - -2?
-c3318
In base 4, what is -120322 + 13020?
-101302
In base 8, what is 175 - -1647?
2044
In base 9, what is -2 + -72454?
-72456
In base 11, what is -1 - 1989?
-198a
In base 2, what is -1010011000010 - -101001101?
-1001101110101
In base 11, what is -14 - 8556?
-856a
In base 10, what is -1006 - -195?
-811
In base 14, what is 3 + 38163?
38166
In base 11, what is -625348 - -4?
-625344
In base 13, what is -6 - 8639?
-8642
In base 3, what is 102 + -1210022?
-1202220
In base 5, what is -3114222 - -124?
-3114043
In base 6, what is 2 - -1534334?
1534340
In base 10, what is 2 + -1775230?
-1775228
In base 11, what is -37772 + 3?
-3776a
In base 13, what is 2 + -76c62?
-76c60
In base 2, what is -101100 - -1111100001110?
1111011100010
In base 2, what is -11 - -101001100001110?
101001100001011
In base 4, what is -3311131 - 1?
-3311132
In base 12, what is -145b3 - 119?
-14710
In base 11, what is -588360 + -3?
-588363
In base 4, what is 20303 - -3132?
30101
In base 9, what is 72 - -4518?
4601
In base 12, what is 3 - -3979?
3980
In base 6, what is -345305 - -1?
-345304
In base 6, what is -1 + 2034510?
2034505
In base 14, what is -71 - -a02?
971
In base 15, what is -16921b + -1?
-16921c
In base 16, what is -1d4 + 803?
62f
In base 3, what is -220211001 - -111?
-220210120
In base 15, what is -1d + -361d?
-363b
In base 14, what is 1b0c52 + -2?
1b0c50
In base 15, what is -b + 86d?
862
In base 16, what is 4 - -1e7ca?
1e7ce
In base 8, what is 540 + 54?
614
In base 12, what is 0 - -944b?
944b
In base 4, what is 220033 - 20?
220013
In base 6, what is -233 - 32103?
-32340
In base 10, what is 131 - 163?
-32
In base 6, what is 5432 - -1042?
10514
In base 4, what is 200 - 303132?
-302332
In base 12, what is 60b10 - 2?
60b0a
In base 12, what is 477094 + -3?
477091
In base 5, what is 1 - 303142?
-303141
In base 4, what is 10120213 - 2?
10120211
In base 15, what is -32 + 1093?
1061
In base 11, what is 2a5 - -a29?
1223
In base 16, what is -14037 + 6?
-14031
In base 2, what is -1111000111000001 - 1011?
-1111000111001100
In base 13, what is -14c5 + 11?
-14b4
In base 6, what is 2 - -1223?
1225
In base 11, what is -744 + -86?
-81a
In base 16, what is -da + -12?
-ec
In base 6, what is -5 - -145553?
145544
In base 16, what is -76834 + 3?
-76831
In base 16, what is -d - 57df?
-57ec
In base 8, what is -22173 + -237?
-22432
In base 12, what is -48a5 - -48?
-4859
In base 6, what is 23 + 1442351?
1442414
In base 10, what is 2555 - -3?
2558
In base 5, what is -1400442 + -2?
-1400444
In base 11, what is -3a + -1347?
-1386
In base 3, what is -1 + 11220010?
11220002
In base 12, what is 108 - -52?
15a
In base 5, what is 123 - 20144?
-20021
In base 14, what is 185 + -3a?
149
In base 4, what is -3032 + -302300?
-311332
In base 8, what is 105 - -100220?
100325
In base 6, what is 103114 - 5?
103105
In base 10, what is 56 + 5053?
5109
In base 10, what is 100 + -1434?
-1334
In base 10, what is -52 + -1906?
-1958
In base 16, what is -5 - dae?
-db3
In base 16, what is 0 - -972c?
972c
In base 7, what is 2411 + -215?
2163
In base 4, what is 1220 + -3112310?
-3111030
In base 4, what is -3 + 30201231?
30201222
In base 13, what is 24559 - -2?
2455b
In base 12, what is 3b304 - -3?
3b307
In base 8, what is 52241 - -4?
52245
In base 7, what is 1302 - -10?
1312
In base 6, what is 412 + -5531?
-5115
In base 4, what is -130 - -13202022?
13201232
In base 16, what is 2c8941 - 0?
2c8941
In base 5, what is -1 + 12120410?
12120404
In base 2, what is 1000010111101101 - -10?
1000010111101111
In base 10, what is 1003 + 168?
1171
In base 12, what is 3 + 5210?
5213
In base 6, what is -21 + 31415?
31354
In base 5, what is -112120 + -1003?
-113123
In base 5, what is -131 + -12231?
-12412
In base 7, what is -35 - -4534?
4466
In base 10, what is -603 + 732?
129
In base 6, what is 12 - -13041210?
13041222
In base 2, what is 100 + -111110011100010000?
-111110011100001100
In base 16, what is 129 - 44?
e5
In base 5, what is 241423 + 1?
241424
In base 8, what is 152 + -125?
25
In base 15, what is -18 - 11aac?
-11ac5
In base 2, what is -10000100 + 110?
-1111110
In base 7, what is 50622 - 1452?
46140
In base 13, what is 5 + 521cc?
52204
In base 9, what is -16 + -2144?
-2161
In base 6, what is -1041 - 24113?
-25154
In base 13, what is 5 + -277b?
-2776
In base 10, what is 153 + -19193?
-19040
In base 11, what is -323346 - 0?
-323346
In base 14, what is -2c - -ca1?
c73
In base 6, what is 12 + 10344?
10400
In base 10, what is 8973 + -1?
8972
In base 14, what is -26c + a?
-262
In base 2, what is 100100111 - 1101110011?
-1001001100
In base 3, what is -110101022 - 1011?
-110102110
In base 3, what is -20 - 2111100?
-2111120
In base 12, what is -198 + 62b?
453
In base 6, what is 40214 + 13?
40231
In base 5, what is -3 + -203422?
-203430
In base 8, what is 103 + -10473?
-10370
In base 5, what is 141 - 212101?
-211410
In base 11, what is -8 + -19874?
-19881
In base 7, what is -163545 - -3?
-163542
In base 4, what is 113033200 + -2?
113033132
In base 11, what is -137180 + 2?
-137179
In base 8, what is -13336 - 60?
-13416
In base 10, what is -1 + 9876?
9875
In base 14, what is 2 - d8d2d?
-d8d2b
In base 9, what is 54 + 27310?
27364
In base 8, what is 1103 - 540?
343
In base 9, what is 1500 + 2027?
3527
In base 8, what is 101262 + 0?
101262
In base 11, what is 0 - 11a774?
-11a774
In base 3, what is 201102210 - 1?
201102202
In base 4, what is 12010212 - -13?
12010231
In base 11, what is -799 - 45?
-833
In base 2, what is 1 + 101100100011?
101100100100
In base 14, what is 7c0 + c?
7cc
In base 16, what is 10771c - -4?
107720
In base 9, what is -1675 + -201?
-1876
In base 8, what is 117 + 72174?
72313
In base 4, what is 1202121320 + -10?
1202121310
In base 6, what is -20 + 41042?
41022
In base 7, what is -2 + 245422?
245420
In base 8, what is 47432 + 30?
47462
In base 8, what is 41 + 507415?
507456
In base 15, what is -db + c4?
-17
In base 6, what is -2041 - 2?
-2043
In base 6, what is 11405353 - -4?
11405401
In base 4, what is 10 + 13120201?
13120211
In base 12, what is 7a91 - -5?
7a96
In base 14, what is -3139b + 5?
-31396
In base 10, what is 4 - 176871?
-176867
In base 12, what is 7473 + -11?
7462
In base 10, what is 2 + 833127?
833129
In base 9, what is 115 - 